 = 2*z + 5*w - 30 - 5. Calculate the remainder when k is divided by z.
23
Let c be 86 - 2*((-9)/(-6) + -1). Let h = -26 + c. What is the remainder when h is divided by 21?
17
Suppose -55 = -4*v + 5. Let z(l) = -2*l**2 + l + 6. Let h be 4/8*1*0. What is the remainder when v is divided by z(h)?
3
Let b(z) = 2 + 1 - 27*z + 0 - 2. What is the remainder when b(-1) is divided by 10?
8
Let m(z) = 2*z + 6. Let u(f) be the third derivative of f**5/30 - 5*f**4/6 + 3*f**3/2 - 19*f**2. What is the remainder when u(11) is divided by m(5)?
15
Suppose 5*q = 3*y - 263, -4*q = -y - y + 172. What is the remainder when 297 is divided by y?
9
Suppose 0 = -5*f + 7 + 68. Calculate the remainder when f is divided by 10.
5
Let s(w) = 9*w + 10*w - 28 + 19 - 4*w. What is the remainder when s(3) is divided by 19?
17
Suppose -2*s + 16*s = 1120. Suppose -3*m + s - 2 = 0. What is the remainder when 98 is divided by m?
20
Let m = 138 + -126. Let h(s) = s**2 + 18*s + 10. Calculate the remainder when h(-19) is divided by m.
5
Calculate the remainder when ((-107)/(-5))/((-6)/(-60)) is divided by 7.
4
Suppose o + 1 = 10. Let h(n) = n**2 - 12*n + 4. Let k be h(12). Let v = k + o. What is the remainder when v is divided by 7?
6
Suppose -k = 2*k - 6. Suppose 0 = k*x + 3*x - 95. Calculate the remainder when x is divided by 160/(-18 - -34) + -5.
4
Suppose 2*b - 4 = 3*i, -3*i - 3*b + 6*b = 9. Let p be (i/6)/((-2)/(-18)). Let w = 12 + p. What is the remainder when 29 is divided by w?
14
Let g(x) = 2*x + 4. Let z be 80/14 - (-16)/56. Suppose w = z*w - 25. Calculate the remainder when g(4) is divided by w.
2
Suppose -5*h = d + 3129, -d - 3*d + 4 = 0. What is the remainder when (-3)/10*h - (-6)/30 is divided by 38?
36
Calculate the remainder when (48/30)/((-1)/(-5)) is divided by (-6)/(-5)*300/120.
2
Let h = 126 + 7. Let r = -73 + h. Suppose 0 = -5*l + 2*n + 66, 4*l = -3*n + 85. What is the remainder when r is divided by l?
12
Let t = -322 + 346. Calculate the remainder when 453 is divided by t.
21
Let k(c) = -6*c - 86. Calculate the remainder when 399 is divided by k(-21).
39
Let q(j) = j**3 - 21*j**2 + 19*j + 23. Let t be q(20). Suppose 5*o - 275 = t*f + 124, -4*f + 300 = 4*o. What is the remainder when o is divided by 16?
14
Calculate the remainder when 51 is divided by (-1 + (-104)/16)/(6/(-36)).
6
Suppose 3*q + 2*q - h - 10 = 0, 5*q - 30 = 5*h. Suppose 4*y - 13 + q = 0. Suppose 2*d + y*d = 145. What is the remainder when 86 is divided by d?
28
Let b(j) = 2*j + 153. What is the remainder when b(-24) is divided by 23?
13
Suppose 5*j = -3*s + 7*s - 95, -3*s - 2*j = -54. Let p = -681 + 687. What is the remainder when s is divided by p?
2
What is the remainder when 260 is divided by (-4)/(0 - 8/106)?
48
Suppose -f - 340 = -844. Calculate the remainder when f is divided by 22.
20
Let r = 6 + 2. Suppose -3*u + 4*c = -32, 0 = 4*u - 0*u + c - 11. Suppose u*m + 30 = 5*m. Calculate the remainder when m is divided by r.
6
Suppose -2 + 0 = -2*v. Suppose 0 = -2*t + t - v. What is the remainder when 5 is divided by (-2 - (-5 - 1)) + t?
2
Suppose 3*v - 5*v = 4*m - 646, m = -2*v + 163. Calculate the remainder when m is divided by 10/(3/((-33)/(-2))).
51
Let g = -292 + 307. What is the remainder when g is divided by 12?
3
Let f = 86 - 59. Let i(x) = -26*x + 1. Let h be i(-1). Suppose 3*t = 2*j - 5*j + h, 0 = 5*t + 4*j - 46. Calculate the remainder when f is divided by t.
7
What is the remainder when 71 is divided by (-12)/(-40)*2 - 187/(-5)?
33
Let s(c) = 9*c**2 - 18*c - 3. Calculate the remainder when s(-10) is divided by 72.
69
Suppose 13*h - 11*h + 304 = 5*f, 5*f = 4*h + 298. Calculate the remainder when f is divided by ((-21)/4)/(2/(-8)).
20
Suppose 8 = 8*v - 4*v. Suppose o + 11 = -f + v*f, 4*o = f - 5. Calculate the remainder when 64 is divided by f.
12
What is the remainder when (5 + -7 + -2)*(-206)/8 is divided by 18?
13
Suppose -169*d + 162*d = -91. Calculate the remainder when 246 is divided by d.
12
Let q = 29 - 3. Let u(a) = 11*a - 1. Suppose -2*j = -5*j + 3. Calculate the remainder when q is divided by u(j).
6
Let x(a) = a**3 + 3*a**2 - 4*a + 5. Let p be 1 + 0 + 12 + 3. Suppose 0 = n + 3*n + p. What is the remainder when x(n) is divided by 4?
1
Let q(f) = -f**3 + 8*f**2 - 6*f + 9. Let u(m) = -m**2 - 2*m + 10. Let g be u(-5). Let h be (g - -1) + 14 - 3. What is the remainder when 29 is divided by q(h)?
13
Let k be 19/4 - 1/(-4). Suppose 3*i = -y + 106, 138 = -i + k*i + 2*y. Suppose -17*c - 123 = -157 - 306. What is the remainder when i is divided by c?
17
Let j(i) = -41*i - 150. Suppose 2*w + 16 = -5*a + 146, -a + 4*w + 4 = 0. Calculate the remainder when a is divided by j(-4).
10
Let b be 56 + 1 - (7 + -7). Suppose 5*f - 3*o = b, 5*o + 29 = f - 0*o. Let g = f - -27. Calculate the remainder when g is divided by 13.
10
Suppose 4*y - 4 = -d, 9*y - 6*y - 42 = -4*d. What is the remainder when 534 is divided by d?
6
Let v(x) = -x**2 + 37*x - 95. What is the remainder when 12 is divided by v(34)?
5
Suppose 3*f - 75 = -2*f. Calculate the remainder when f is divided by 22/3 - (-31)/(-93).
1
Let j = -1199 + 1294. What is the remainder when 947 is divided by j?
92
Suppose 12*v = 1969 + 599. Calculate the remainder when v is divided by 108.
106
Suppose -v + 5 + 2 = b, -3*v + 3*b = -9. Calculate the remainder when v is divided by 2.
1
Suppose -206 + 71 = -3*b. Suppose 0 = 4*g + 14*g + 1116. What is the remainder when b is divided by (12/42 - g/(-21))*-6?
13
Suppose -6*p - 2*w - 2 = -3*p, 14 = -p - 4*w. Let r = p + -8. Calculate the remainder when ((-56)/5)/(r/30) is divided by 19.
18
Suppose 0 = 4*r - 12. Suppose -20 = -7*y + r*y. What is the remainder when y is divided by 6/(-27) - 40/(-18)?
1
Suppose x - 67 = 3*d, 0*x + d - 134 = -2*x. What is the remainder when x is divided by 19?
10
Let s be 4/3*171/6. Let t = -20 + s. Calculate the remainder when 53 is divided by t.
17
Suppose -40 = -5*o - 5*h, 4*o - 6*o + 24 = 4*h. What is the remainder when (-1368)/(-171) + 5/1 is divided by o?
1
Suppose -4*c + c = -153. Suppose 2*k - 52 = 42*d - 45*d, 3*d - 5*k - 59 = 0. Calculate the remainder when c is divided by d.
15
Suppose 836 - 5016 = -19*u. What is the remainder when u is divided by 15?
10
Let u be 7 - 1*(-1 + 0). Suppose 0 = z - u + 1. Let b = 542 + -522. Calculate the remainder when b is divided by z.
6
Let f = -68 + 168. Calculate the remainder when f is divided by 18.
10
Let k = -1071 - -1094. Calculate the remainder when 25 is divided by k.
2
Let b(o) = -110*o**3 + 1. What is the remainder when b(-1) is divided by (99/(-132))/(6/(-224))?
27
Let o = 0 + 5. Suppose 8*c - 16 = -0. What is the remainder when o is divided by c?
1
Let z = 420 - 7. What is the remainder when z is divided by 84?
77
Suppose 2*d - 23 = 3*a, 2*a + 42 = 4*d - 0*a. Calculate the remainder when 11 is divided by (0/d)/(4 + -1) - -7.
4
Suppose 5*h - 696 = -3*h. Let j = h + -6. Suppose 105 = -2*o + 7*o. Calculate the remainder when j is divided by o.
18
Calculate the remainder when 9 is divided by 1 + 3 - 6/(-9)*-3.
1
Let o(u) = -u**3 - 2*u**2 + 3*u + 2. Suppose 3*s = 5*s - 48. Suppose -4*g = -8 + s. What is the remainder when o(g) is divided by 6?
4
Let o(g) = -g + 34. Suppose 2*y + x = 44, -y - 3*x + 31 = 2*x. What is the remainder when 1*-37*3/(-3) is divided by o(y)?
11
What is the remainder when 36 is divided by 213/7 - 12/28?
6
Let u = -38 - -35. Suppose v + 4*j = j + 32, 4*v = -5*j + 114. Calculate the remainder when ((-152)/(-3))/((-2)/u) is divided by v.
24
Let b(t) be the third derivative of t**4/4 + 16*t**2. Let o(z) = 21*z**2 - z - 1. What is the remainder when o(-1) is divided by b(2)?
9
Let r(a) = -a**3 + 5*a**2 + 12. What is the remainder when 29 is divided by r(5)?
5
Suppose -8*y - 252 = -44*y. Let k = 127 + -81. What is the remainder when k is divided by y?
4
Let f(k) = -1 - 4 + 1 + 17*k. Let r(q) = -86*q + 1. Calculate the remainder when r(-1) is divided by f(2).
27
Let z(m) = -m**3 - 4*m**2 + 6*m - 7. Calculate the remainder when z(-6) is divided by (-34)/(6/(-10) - (-14)/(-10)).
12
Let i(o) = 8*o**3 - 14*o + 14. Calculate the remainder when 122/6 + 2/3 is divided by i(1).
5
What is the remainder when (-2 + (4 - 0))/(26/5993) is divided by 31?
27
Calculate the remainder when 650/273*33 - (-6)/14 is divided 